{"id":12,"date":"2019-08-14T18:30:37","date_gmt":"2019-08-14T16:30:37","guid":{"rendered":"http:\/\/kyudo-wolfsburg.de\/2019\/?page_id=12"},"modified":"2026-02-03T19:26:47","modified_gmt":"2026-02-03T18:26:47","slug":"kyudo-der-weg-des-bogens","status":"publish","type":"page","link":"http:\/\/kyudo-wolfsburg.de\/","title":{"rendered":"Kyudo &#8211; der Weg des Bogens"},"content":{"rendered":"\n<p>Kyudo &#8211; der Weg des Bogens ist die seit Jahrhunderten in Japan entwickelte Kunst des Bogenschie\u00dfens. Kyudo ist eine langsame, flie\u00dfende Bewegung, in sich harmonisch und kontrolliert.<br>\u00dcber acht genau festgelegte Bewegungsphasen werden K\u00f6rperhaltung und K\u00f6rperspannung pr\u00e4zise koordiniert. Diese Bewegungen zu beherrschen und zu verfeinern ist ein wesentliches Ziel des \u00dcbens.<\/p>\n\n\n\n<p>Ge\u00fcbt wird mit dem asymmetrischen japanischen Langbogen (yumi). Durch den Bogen, die formelle Kleidung, den \u00e4u\u00dferen Rahmen und die Technik unterscheidet sich Kyudo von allen anderen Bogenstilen.<\/p>\n\n\n\n<p>Kyudo ist ein Sport, der K\u00f6rper, Geist und Technik verbindet und so einen ausgezeichneten Ausgleich zu den Anforderungen des Alltages bietet.&nbsp;<\/p>\n\n\n\n<p><\/p>\n\n\n\n<p><\/p>\n\n\n\n<h3 class=\"wp-block-heading has-luminous-vivid-amber-color has-text-color has-medium-font-size\"><mark style=\"background-color:rgba(0, 0, 0, 0)\" class=\"has-inline-color has-vivid-red-color\"><strong>Schnupperkurs am 25. Oktober 2026<\/strong><\/mark><\/h3>\n\n\n\n<p>Interesse daran, Kyudo auszuprobieren? Der n\u00e4chste Schnupperkurs (Sonntag von 10-13 Uhr, Sporthalle der Peter Pan Schule, Am Lerchengarten 28, 38448 Wolfsburg) findet am Sonntag, den 25. Oktober 2026 statt. Die Kosten inkl. Getr\u00e4nke, Tee und Geb\u00e4ck betragen 25 \u20ac\/pro Person. Wer Interesse hat: gerne per Mail unter info@kyudo-wolfsburg.de melden.<\/p>\n\n\n\n<p><\/p>\n","protected":false},"excerpt":{"rendered":"<p>Kyudo &#8211; der Weg des Bogens ist die seit Jahrhunderten in Japan entwickelte Kunst des Bogenschie\u00dfens. Kyudo ist eine langsame, flie\u00dfende Bewegung, in sich harmonisch und kontrolliert.\u00dcber acht genau festgelegte Bewegungsphasen werden K\u00f6rperhaltung und K\u00f6rperspannung pr\u00e4zise koordiniert. Diese Bewegungen zu beherrschen und zu verfeinern ist ein wesentliches Ziel des \u00dcbens. Ge\u00fcbt wird mit dem asymmetrischen [&hellip;]<\/p>\n","protected":false},"author":1,"featured_media":0,"parent":0,"menu_order":0,"comment_status":"closed","ping_status":"closed","template":"","meta":{"footnotes":""},"class_list":["post-12","page","type-page","status-publish","hentry"],"_links":{"self":[{"href":"http:\/\/kyudo-wolfsburg.de\/index.php?rest_route=\/wp\/v2\/pages\/12","targetHints":{"allow":["GET"]}}],"collection":[{"href":"http:\/\/kyudo-wolfsburg.de\/index.php?rest_route=\/wp\/v2\/pages"}],"about":[{"href":"http:\/\/kyudo-wolfsburg.de\/index.php?rest_route=\/wp\/v2\/types\/page"}],"author":[{"embeddable":true,"href":"http:\/\/kyudo-wolfsburg.de\/index.php?rest_route=\/wp\/v2\/users\/1"}],"replies":[{"embeddable":true,"href":"http:\/\/kyudo-wolfsburg.de\/index.php?rest_route=%2Fwp%2Fv2%2Fcomments&post=12"}],"version-history":[{"count":35,"href":"http:\/\/kyudo-wolfsburg.de\/index.php?rest_route=\/wp\/v2\/pages\/12\/revisions"}],"predecessor-version":[{"id":464,"href":"http:\/\/kyudo-wolfsburg.de\/index.php?rest_route=\/wp\/v2\/pages\/12\/revisions\/464"}],"wp:attachment":[{"href":"http:\/\/kyudo-wolfsburg.de\/index.php?rest_route=%2Fwp%2Fv2%2Fmedia&parent=12"}],"curies":[{"name":"wp","href":"https:\/\/api.w.org\/{rel}","templated":true}]}}